{"id":16,"date":"2014-11-06T18:07:50","date_gmt":"2014-11-06T18:07:50","guid":{"rendered":"http:\/\/www.skuodozut.lt\/?page_id=16"},"modified":"2025-08-28T13:07:17","modified_gmt":"2025-08-28T13:07:17","slug":"kontaktai","status":"publish","type":"page","link":"http:\/\/www.skuodozut.lt\/?page_id=16","title":{"rendered":"Kontaktai"},"content":{"rendered":"<p><strong>UAB \u201eSkuodo \u017eem\u0117s \u016bkio technika\u201c<\/strong><br \/>\nAdresas: Statybinink\u0173 g. 4, LT98129 Skuodas<br \/>\n\u012emon\u0117s kodas: 173856167<br \/>\nPVM mok\u0117tojo kodas: LT738561610<br \/>\nAtsiskaitomoji s\u0105skaita: LT797300010002579028<br \/>\nBankas: Swedbank AB<br \/>\nBanko kodas: 73000<br \/>\nEl.p. <a href=\"mailto:skuodozut@gmail.com\">skuodozut@gmail.com<\/a><\/p>\n<p><strong>Direktorius \u00a0 \u00a0 \u00a0 \u00a0 \u00a0 \u00a0 \u00a0 \u00a0 \u00a0 \u00a0 \u00a0 \u00a0 \u00a0 \u00a0<\/strong><br \/>\nAntanas Perkauskas<br \/>\nMobilus tel. +370 687 51103<br \/>\nEl.p. <a href=\"mailto:skuodozut@gmail.com\">skuodozut@gmail.com<\/a><\/p>\n<p><strong>Vyr. buhalter\u0117\u00a0\u00a0\u00a0\u00a0\u00a0\u00a0\u00a0\u00a0\u00a0\u00a0\u00a0\u00a0\u00a0\u00a0\u00a0\u00a0\u00a0\u00a0\u00a0\u00a0\u00a0\u00a0\u00a0 <\/strong><br \/>\nRima Berta\u0161iut\u0117<br \/>\nTel. +370 614 65231<br \/>\nEl.p. <a href=\"mailto:skuodozut@gmail.com\">skuodozut@gmail.com<\/a><\/p>\n<p><strong>Atsargin\u0117s dalys, tepalai \u00a0 \u00a0 \u00a0 \u00a0 \u00a0 \u00a0 \u00a0 \u00a0 \u00a0 \u00a0 \u00a0 \u00a0<\/strong><br \/>\nVed\u0117jas &#8211; Jonas Petro\u0161ius<br \/>\nTel. +370 614 65262<br \/>\nVykdomoji direktor\u0117- Irena Zukien\u0117<br \/>\nTel. +370 665 14198<br \/>\nEl.p. <a href=\"mailto:szut.sandelys@gmail.com\">szut.sandelys@gmail.com<\/a><\/p>\n<p><strong>Statybin\u0117s med\u017eiagos ir metalai \u00a0 \u00a0 \u00a0 \u00a0 \u00a0 \u00a0 \u00a0 \u00a0 \u00a0 \u00a0 \u00a0<\/strong><br \/>\nSand\u0117lio ved\u0117jas &#8211; Gintaras Varanavi\u010dius<br \/>\nTel. +370 683 18840<\/p>\n<p>Vadybinink\u0117 &#8211; Rasa Me\u0161kauskien\u0117<br \/>\nTel. +370 687 20814<br \/>\nEl.p.\u00a0<a href=\"mailto:zut.stam@gmail.com\">zut.statm@gmail.com<\/a><\/p>\n<p><strong>Tr\u0105\u0161os, kietas kuras\u00a0 \u00a0 \u00a0 \u00a0 \u00a0 \u00a0 \u00a0 \u00a0 \u00a0 \u00a0 \u00a0 \u00a0\u00a0<\/strong><br \/>\nVykdomoji direktor\u0117- Irena Zukien\u0117<br \/>\nTel. +370 665 14198<\/p>\n<p>Sand\u0117linkas &#8211; Petras Ramanauskas<br \/>\nTel. \u00a0+370 603 14438<br \/>\nEl.p. \u00a0<a href=\"mailto:szut.sandelys@gmail.com\">szut.sandelys@gmail.com<\/a><\/p>\n<p><iframe loading=\"lazy\" style=\"border: 0;\" src=\"https:\/\/www.google.com\/maps\/embed?pb=!1m18!1m12!1m3!1d2215.574465871052!2d21.495511199999996!3d56.2681299!2m3!1f0!2f0!3f0!3m2!1i1024!2i768!4f13.1!3m3!1m2!1s0x46e54574664a46f3%3A0x18bb5ad6d2147489!2sStatybinink%C5%B3+g.+4%2C+Skuodas+98129!5e0!3m2!1slt!2slt!4v1415307262166\" width=\"600\" height=\"450\" frameborder=\"0\"><\/iframe><\/p>\n<p><script><br \/>\n  (function(i,s,o,g,r,a,m){i['GoogleAnalyticsObject']=r;i[r]=i[r]||function(){<br \/>\n  (i[r].q=i[r].q||[]).push(arguments)},i[r].l=1*new Date();a=s.createElement(o),<br \/>\n  m=s.getElementsByTagName(o)[0];a.async=1;a.src=g;m.parentNode.insertBefore(a,m)<br \/>\n  })(window,document,'script','\/\/www.google-analytics.com\/analytics.js','ga');<\/p>\n<p>  ga('create', 'UA-56536366-1', 'auto');<br \/>\n  ga('send', 'pageview');<\/p>\n<p><\/script><\/p>\n","protected":false},"excerpt":{"rendered":"<p>UAB \u201eSkuodo \u017eem\u0117s \u016bkio technika\u201c Adresas: Statybinink\u0173 g. 4, LT98129 Skuodas \u012emon\u0117s kodas: 173856167 PVM mok\u0117tojo kodas: LT738561610 Atsiskaitomoji s\u0105skaita: LT797300010002579028 Bankas: Swedbank AB Banko kodas: 73000 El.p. skuodozut@gmail.com Direktorius \u00a0 \u00a0 \u00a0 \u00a0 \u00a0 \u00a0 \u00a0 \u00a0 \u00a0 \u00a0 \u00a0 \u00a0 \u00a0 \u00a0 Antanas Perkauskas Mobilus tel. +370 687 51103 El.p. skuodozut@gmail.com Vyr. buhalter\u0117\u00a0\u00a0\u00a0\u00a0\u00a0\u00a0\u00a0\u00a0\u00a0\u00a0\u00a0\u00a0\u00a0\u00a0\u00a0\u00a0\u00a0\u00a0\u00a0\u00a0\u00a0\u00a0\u00a0&#8230;<\/p>\n","protected":false},"author":1,"featured_media":104,"parent":0,"menu_order":0,"comment_status":"closed","ping_status":"closed","template":"","meta":[],"_links":{"self":[{"href":"http:\/\/www.skuodozut.lt\/index.php?rest_route=\/wp\/v2\/pages\/16"}],"collection":[{"href":"http:\/\/www.skuodozut.lt\/index.php?rest_route=\/wp\/v2\/pages"}],"about":[{"href":"http:\/\/www.skuodozut.lt\/index.php?rest_route=\/wp\/v2\/types\/page"}],"author":[{"embeddable":true,"href":"http:\/\/www.skuodozut.lt\/index.php?rest_route=\/wp\/v2\/users\/1"}],"replies":[{"embeddable":true,"href":"http:\/\/www.skuodozut.lt\/index.php?rest_route=%2Fwp%2Fv2%2Fcomments&post=16"}],"version-history":[{"count":17,"href":"http:\/\/www.skuodozut.lt\/index.php?rest_route=\/wp\/v2\/pages\/16\/revisions"}],"predecessor-version":[{"id":211,"href":"http:\/\/www.skuodozut.lt\/index.php?rest_route=\/wp\/v2\/pages\/16\/revisions\/211"}],"wp:featuredmedia":[{"embeddable":true,"href":"http:\/\/www.skuodozut.lt\/index.php?rest_route=\/wp\/v2\/media\/104"}],"wp:attachment":[{"href":"http:\/\/www.skuodozut.lt\/index.php?rest_route=%2Fwp%2Fv2%2Fmedia&parent=16"}],"curies":[{"name":"wp","href":"https:\/\/api.w.org\/{rel}","templated":true}]}}